housands digit of 380884556?
8
What is the millions digit of 76152108?
6
What is the hundred thousands digit of 351947403?
9
What is the ten millions digit of 1113673197?
1
What is the thousands digit of 85919808?
9
What is the hundreds digit of 126846811?
8
What is the hundred millions digit of 752117829?
7
What is the hundreds digit of 528966701?
7
What is the ten thousands digit of 694589608?
8
What is the hundreds digit of 211161579?
5
What is the millions digit of 95083081?
5
What is the ten thousands digit of 4680649032?
4
What is the ten millions digit of 3889623389?
8
What is the millions digit of 92967189?
2
What is the tens digit of 1545192753?
5
What is the ten thousands digit of 43372055?
7
What is the billions digit of 1336838319?
1
What is the ten thousands digit of 1021936029?
3
What is the hundred millions digit of 6301946967?
3
What is the hundred thousands digit of 195336609?
3
What is the hundreds digit of 603370380?
3
What is the hundreds digit of 71574576?
5
What is the ten thousands digit of 4616420?
1
What is the billions digit of 4299750259?
4
What is the thousands digit of 604669295?
9
What is the units digit of 3640990011?
1
What is the thousands digit of 136885261?
5
What is the hundreds digit of 13106923?
9
What is the tens digit of 305861641?
4
What is the tens digit of 195059493?
9
What is the millions digit of 3273601800?
3
What is the hundred millions digit of 355649949?
3
What is the millions digit of 2227503?
2
What is the units digit of 4108010528?
8
What is the ten thousands digit of 442906950?
0
What is the hundred thousands digit of 2715892745?
8
What is the ten thousands digit of 11556692?
5
What is the units digit of 81209041?
1
What is the millions digit of 901120100?
1
What is the hundred thousands digit of 1344559360?
5
What is the ten thousands digit of 583673937?
7
What is the hundred thousands digit of 589144057?
1
What is the thousands digit of 2166132731?
2
What is the tens digit of 7555253?
5
What is the units digit of 447184363?
3
What is the billions digit of 2801706741?
2
What is the hundred millions digit of 175085638?
1
What is the hundred millions digit of 765718689?
7
What is the ten thousands digit of 6357622?
5
What is the units digit of 249556824?
4
What is the tens digit of 123005887?
8
What is the units digit of 454858336?
6
What is the ten thousands digit of 39146935?
4
What is the tens digit of 594788193?
9
What is the units digit of 3114943144?
4
What is the ten millions digit of 3149042088?
4
What is the hundred millions digit of 404865269?
4
What is the billions digit of 1885684221?
1
What is the ten millions digit of 49856760?
4
What is the hundreds digit of 1416883492?
4
What is the tens digit of 53112361?
6
What is the units digit of 193138558?
8
What is the hundreds digit of 78076035?
0
What is the millions digit of 1063336586?
3
What is the ten thousands digit of 2296958890?
5
What is the hundred thousands digit of 139473145?
4
What is the hundred millions digit of 674280698?
6
What is the hundreds digit of 28114263?
2
What is the hundred thousands digit of 4073333770?
3
What is the hundreds digit of 381314983?
9
What is the millions digit of 3596401473?
6
What is the ten thousands digit of 2477685266?
8
What is the millions digit of 192866431?
2
What is the hundreds digit of 506625046?
0
What is the thousands digit of 99583796?
3
What is the ten thousands digit of 50301596?
0
What is the tens digit of 470704731?
3
What is the ten thousands digit of 125316046?
1
What is the hundred millions digit of 8810882336?
8
What is the millions digit of 313602741?
3
What is the hundred thousands digit of 161463970?
4
What is the hundred millions digit of 165391501?
1
What is the ten thousands digit of 82264946?
6
What is the millions digit of 1012709918?
2
What is the thousands digit of 56874996?
4
What is the tens digit of 54154998?
9
What is the thousands digit of 2433153796?
3
What is the ten millions digit of 74472802?
7
What is the ten thousands digit of 170048036?
4
What is the thousands digit of 412916784?
6
What is the hundred thousands digit of 36196208?
1
What is the ten millions digit of 215769632?
1
What is the units digit of 3249490113?
3
What is the millions digit of 1216075117?
6
What is the ten thousands digit of 37885984?
8
What is the hundred millions digit of 4416080220?
4
What is the tens digit of 58277929?
2
What is the hundreds digit of 83365873?
8
What is the ten thousands digit of 1908889810?
8
What is the units digit of 8966976?
6
What is the ten thousands digit of 195908380?
0
What is the tens digit of 1192605495?
9
What is the millions digit of 721358496?
1
What is the units digit of 1313975809?
9
What is the hundreds digit of 363563876?
8
What is the hundreds digit of 22055131?
1
What is the thousands digit of 1857871040?
1
What is the ten millions digit of 182860471?
8
What is the thousands digit of 19217697?
7
What is the ten thousands digit of 5307406498?
0
What is the millions digit of 65828199?
5
What is the ten millions digit of 162770280?
6
What is the ten thousands digit of 5413247763?
4
What is the units digit of 71845940?
0
What is the units digit of 687720877?
7
What is the thousands digit of 1768727405?
7
What is the millions digit of 282388976?
2
What is the units digit of 545996?
6
What is the tens digit of 386081942?
4
What is the millions digit of 70064988?
0
What is the hundred thousands digit of 694090186?
0
What is the thousands digit of 2904056784?
6
What is the millions digit of 1809927243?
9
What is the ten thousands digit of 61770365?
7
What is the units digit of 1287370504?
4
What is the units digit of 856895051?
1
What is the ten thousands digit of 1977085136?
8
What is the millions digit of 134359344?
4
What is the billions digit of 1378643369?
1
What is the hundreds digit of 3928480410?
4
What is the tens digit of 197745018?
1
What is the hundred thousands digit of 119554089?
5
What is the hundred thousands digit of 319936874?
9
What is the thousands digit of 8429352555?
2
What is the thousands digit of 168443985?
3
What is the millions digit of 1514817596?
4
What is the units digit of 154383237?
7
What is the units digit of 209108749?
9
What is the ten thousands digit of 636648915?
4
What is the hundreds digit of 93154324?
3
What is the ten millions digit of 48198761?
4
What is the ten millions digit of 48304103?
4
What is the thousands digit of 235623497?
3
What is the millions digit of 217404643?
7
What is the millions digit of 118366810?
8
What is the ten thousands digit of 145093937?
9
What is the thousands digit of 225096348?
6
What is the tens digit of 323895020?
2
What is the tens digit of 45311951?
5
What is the hundred thousands digit of 69442444?
4
What is the ten millions digit of 49710469?
4
What is the units digit of 3470852435?
5
What is the units digit of 18934894?
4
What is the units digit of 9139487?
7
What is the hundred thousands digit of 202687535?
6
What is the hundreds digit of 14895457?
4
What is the thousands digit of 66364595?
4
What is the ten millions digit of 874063591?
7
What is the units digit of 40899434?
4
What is the ten millions digit of 351544116?
5
What is the hundreds digit of 2742571797?
7
What is the hundred millions digit of 309960526?
3
What is the thousands digit of 15475927?
5
What is the ten millions digit of 2138275739?
3
What is the ten thousands digit of 1627092853?
9
What is the ten millions digit of 3807751483?
0
What is the ten thousands digit of 861917992?
1
What is the ten millions digit of 122035666?
2
What is the hundred millions digit of 716061271?
7
What is the hundred thousands digit of 293969?
2
What is the hundreds digit of 267054573?
5
What is the tens digit of 2049102770?
7
What is the hundreds digit of 547719648?
6
What is the hundred thousands digit of 28210455?
2
What is the millions digit of 92455358?
2
What is the millions digit of 2454965614?
4
What is the tens digit of 1587422397?
9
What is the units digit of 2806834950?
0
What is the hundred millions digit of 6839117232?
8
What is the ten thousands digit of 667596993?
9
What is the thousands digit of 37122355?
2
What is the millions digit of 6684097731?
4
What is the millions digit of 235670412?
5
What is t